.
0
Let y = -7 - -3. Suppose 0 = 2*f - 6. Let x(n) = 0 + 2 + n - f. Give x(y).
-5
Let g(r) be the second derivative of r**3/3 - 5*r**2/2 + 9*r. Give g(5).
5
Let a(g) = 2*g + 5. Suppose 0 = -w - 1 - 3. Determine a(w).
-3
Let y(c) = -c**2 + 5*c - 4. Let m be y(3). Suppose -3*h + 17 = m*a - 7, 2*a = -2*h + 20. Let w(l) = l**2 - 7*l + 5. What is w(a)?
-1
Let q(y) = y - 2. Let a be 22/6 - (-2)/6. Suppose -a*t = t - 15. Determine q(t).
1
Suppose 0 = p - 0*p + 5. Let r(x) = 4*x**2 + x - 9. Let k(s) = -5*s**2 - 2*s + 10. Let y(t) = p*k(t) - 6*r(t). What is y(-4)?
4
Let o(i) = 2*i - 3. Suppose 0*r - 3*y + 14 = -r, 3*r + 5*y = 14. Let z = 1 - r. Give o(z).
3
Suppose -3 = -w - 1. Let x(s) = -w*s + 2*s + 1 + s. Give x(4).
5
Suppose -13 = -4*u - 1, -4*u = 5*y - 42. Let q(p) = 3*p**3 - 19*p**2 - 5*p**3 + 14*p**2 - y + p**3. What is q(-5)?
-6
Let c(g) = g - 9. Suppose 0 = -3*n - 5*t + 49, 2*t + 0*t = -n + 18. Calculate c(n).
-1
Let q(x) = -x**2 + x - 8. Let c = -10 - 1. Let h = 11 + c. Give q(h).
-8
Let t(q) = -3*q + 1. Suppose -12 = 4*k - 4*z, -k = -3*k + z - 4. Calculate t(k).
4
Let r be 1/(-1) + 0 + -15 + 15. Let k(f) = f + 1. Give k(r).
0
Let l = -4 + 9. Suppose 0 = -b + 2 + 7. Let a = l - b. Let i(y) = y**2 + 4*y + 5. Calculate i(a).
5
Let j(m) be the first derivative of m**6/120 + 7*m**5/60 + 5*m**4/24 - 4*m**3/3 - 2*m**2 + 3. Let l(q) be the second derivative of j(q). Determine l(-6).
-2
Let t(c) be the second derivative of -c**4/2 - c**3/2 + 7*c**2 - c. Let o(q) = 4*q**2 + 2*q - 9. Let a(u) = -8*o(u) - 5*t(u). What is a(-2)?
-4
Suppose 15*l + 16 = -89. Let o(g) = -g**3 - 8*g**2 - 5*g + 3. Calculate o(l).
-11
Let c be (5/(-2))/5*2. Let k(g) = g**3 + g**2 - 1. Let m(d) = -7*d**3 - 4*d**2 - 2*d + 5. Suppose -5*v - 8 = -3*v. Let x(u) = c*m(u) + v*k(u). Calculate x(1).
4
Let y(v) = v**2 + 8*v + 9. Let m be y(-6). Let h(f) be the second derivative of f**4/6 + 5*f**3/6 + 2*f**2 + 2*f. Give h(m).
7
Suppose 3*s - 8 = -2*v, -2 + 1 = -v. Let n(z) be the first derivative of 1/3*z**3 + 1/2*z**s - 1 - 4*z. Give n(-3).
2
Suppose -12 = -x - 2*x. Suppose 0 = -d + 3*v - x, 2*d + 0*v = 2*v + 4. Let s(t) = 3*t + 1. Let o(w) = 2*w + 2. Let a(p) = -4*o(p) + 3*s(p). Calculate a(d).
0
Suppose 5*x = 5 - 0. Let l(k) be the first derivative of -4*k**3/3 - k**2/2 + k + 2. What is l(x)?
-4
Let z(r) be the third derivative of -r**5/60 + r**4/8 - r**3/3 + 7*r**2. Suppose -4*j + 1 = -11. Suppose -2*y + 8 = -5*y + 5*o, j*o = 2*y + 4. Give z(y).
-6
Let c be 3*(-3 - (-2)/1). Let j(k) = 3. Let x(t) = -t - 2. Let i(n) = c*j(n) - 4*x(n). Let u be -3*1*(-2)/6. Calculate i(u).
3
Let q(b) = b + 1. Let o(t) = t**2 + 2*t - 5. Let i be 1/2 + (-3)/(-2). Let s be i*1/(-2)*-1. Let a(r) = s*o(r) + q(r). Determine a(-5).
6
Let v(l) = 7*l + 14. Let n(z) = -8*z - 15. Let k(d) = -6*n(d) - 7*v(d). Give k(-7).
-1
Let l(r) = r**3 - r**2 - 3*r - 4. Let g = 10 - 6. Suppose -d = g*d - 30. Suppose j - d = -j. What is l(j)?
5
Let g(h) = h**2 + 6*h + 1. Let a be 7*(2 - (-2)/(-2)). Let m(p) = -4*p - 19. Let y(n) = -n - 6. Let o(s) = a*y(s) - 2*m(s). Let j be o(0). What is g(j)?
-7
Suppose -4*x + 2 - 18 = 0. Let m(b) = -b - 5. Calculate m(x).
-1
Let a = -105 + 106. Let b(x) = -10*x**3 + 2*x**2 - 1. Give b(a).
-9
Suppose 1 - 7 = 3*d. Let s = 4 + d. Let l be (2 + -1)*s/(-1). Let k(a) = -a**3 - 2*a**2 - 2*a + 2. Give k(l).
6
Let c(g) = -4*g - 1. Suppose 5*x + 11 = -4. Let m(p) = -p. Let q(d) = x*m(d) + c(d). Determine q(2).
-3
Let v(p) = -19*p + p**3 + 36*p - 17*p + 2*p**2 - 2. What is v(-2)?
-2
Let w(o) be the second derivative of o**3/6 + 2*o**2 - 20*o. What is w(-9)?
-5
Suppose -d + 2*d = -3*y - 14, -2*y - d = 10. Let t(n) be the third derivative of n**6/120 + n**5/12 + n**4/4 + n**3/2 + 7*n**2. What is t(y)?
-5
Let i(o) = -5*o. Suppose 4*y + 3*g + 13 = 0, -y + 3*g + 8 = -0*g. Let q be i(y). Let x be q/(10/6) - 0. Let k(r) = r**2 - 2*r - 3. Determine k(x).
0
Let y = 5 + -5. Let b(p) = p**3 - 1 + 4*p**2 - 2*p**2 + y*p**3 + p - p**2. Calculate b(0).
-1
Let x(n) = -n**3 + 5*n**2 - 2*n - 4. Let i be x(4). Let d(g) = 2*g + 5. Let y(v) = -3*v - 6. Let j(q) = 4*d(q) + 3*y(q). What is j(i)?
-2
Let n = -7 - -9. Suppose -r - 13 = n*k, -5*r + 4*k + 2 = -3. Let o = -5 - r. Let b(d) = -3*d - 1. Calculate b(o).
5
Let l(k) = 10 - k + 5 - 20 + 9. Calculate l(2).
2
Let i(y) be the first derivative of y**6/360 + 7*y**5/120 - y**4/24 - y**3 + 1. Let u(o) be the third derivative of i(o). Determine u(-6).
-7
Let v(r) = -2*r + 6. Let d be v(4). Let n(s) = 3*s + 1. Let q be n(1). Let a(h) = h - 1 - 2 - q*h. Calculate a(d).
3
Let n(a) = -2*a**2 - 4*a - 16 + 12 + 3*a**2. Give n(6).
8
Let k(u) = -6*u**2 + 8*u - u**3 + 5*u**2 - 2 - u**2 - 6*u**2. Calculate k(-9).
7
Let w(d) = 2*d - 4. Let r be w(5). Let x(m) = 8*m + 11. Let a(t) = -4*t - 5. Let h(v) = r*x(v) + 13*a(v). Calculate h(-1).
5
Let q = 6 + -7. Let i be 1*(2/q + 2). Suppose -a = 5 - i. Let w(h) = 2*h + 4. Calculate w(a).
-6
Let q(g) be the first derivative of -g**3/3 + 3*g**2/2 - 2*g + 4. Let u(y) be the first derivative of q(y). Calculate u(5).
-7
Let v(h) = -2 + h**3 + 4*h - 2*h - 3*h. Suppose 0*o + 2*o + 54 = 0. Let l be (-4)/(-18) - 48/o. What is v(l)?
4
Let h(d) be the second derivative of -d**7/280 + d**6/360 - d**4/24 - d**3/3 - 2*d. Let x(o) be the second derivative of h(o). Let t = 5 - 6. Calculate x(t).
3
Let q(u) be the second derivative of -u**3/6 + u**2/2 + 11*u. What is q(2)?
-1
Let v(a) = -4 + 7 - 4 - a**3 + 2*a**2. Suppose -3*z - 2 = -5. What is v(z)?
0
Let c = -3 + 15. Suppose 0*v + c = 4*v. Let g(q) = q**2 + 0*q**2 - 6*q**2 + q**v - 6. Determine g(5).
-6
Let u(h) = 10 - 4 - 8*h + 2*h - h**2 - 4. Let t = -8 - -3. Calculate u(t).
7
Suppose 0 = -3*x + 3*j - 0*j - 6, 2*j = -x + 10. Let d(g) = -g - 8*g + x*g. Determine d(-1).
7
Let q be (2/(-2))/((-7)/(-28)). Let c(s) = s**3 - 1. Let u(h) be the second derivative of h**5/5 + h**4/3 - 2*h**2 + h. Let j(z) = -3*c(z) + u(z). What is j(q)?
-1
Let t(q) be the first derivative of q**5/120 - q**4/6 - 2*q**3/3 - 2. Let c(n) be the third derivative of t(n). Let v = 60 + -65. Calculate c(v).
-9
Let s(k) = -4*k - 9. Let m(w) = -5*w - 9. Let h(f) = -4*m(f) + 3*s(f). Let o(i) = 17*i + 19. Let r(t) = -13*h(t) + 6*o(t). Calculate r(-4).
5
Let j = -2 + 4. Let x(g) = g**3 - 3*g**2 + g - 2. Let w be x(j). Let a(o) = -o**2 - 6*o - 6. What is a(w)?
2
Let x(p) be the second derivative of 6*p - 5/2*p**2 + 1/2*p**3 + 0. Calculate x(6).
13
Let v(t) = -2*t**3 + t**2 - 2*t + 1. Let n be 3/(-3)*5 - 1. Let y(c) = -c - 5. Let k be y(n). Determine v(k).
-2
Let z(h) be the second derivative of -h**4/6 - h**3/3 - h**2/2 - 3*h. Let w be z(-2). Let t(l) = l**2 + 6*l + 7. Determine t(w).
2
Let o(x) = -x - 4. Let b = 103 - 103. Determine o(b).
-4
Let a(c) = 5*c**3 + 1. Let z(t) = t**3 - t + 1. Let p be z(1). Give a(p).
6
Let t(l) = 3*l - 6. Suppose 0 = 5*s + r - 9, 0*s - 5*r + 19 = -s. Let d(q) = 2*q**2 - 1. Let w be d(s). Let p be 4/1*(0 + w). Determine t(p).
6
Let s be (-3)/(-9) - (-5)/3. Let g(z) = 2 - s + z - 2. What is g(-5)?
-7
Let f(j) = 13 - 3 - 9 - 3 - j. Give f(0).
-2
Let d(w) = -w**2 - 8*w + 6. Let g be d(-7). Suppose -5*m - 19 = -2*l, 2*m - g = -5*l + 3*m. Let r(z) = -1 + 1 + 6*z**2 - 1 + z**l - 2*z. What is r(-1)?
8
Let p(t) = 14*t + 3. Let r(c) = -c**3 + 7*c**2 - 7*c + 4. Let l be r(6). Give p(l).
-25
Let p(n) = 1 - 2 - 6*n + 4 - 2*n**2 + 3. What is p(-5)?
-14
Let k(h) = 4*h - 17. Let i be k(5). Let j(l) = -l**2 + 2*l + 1. Calculate j(i).
-2
Let w(m) = m**3 + 5*m**2 + m - 4. Suppose 3*s - j + 3 + 7 = 0, -s - j = 6. Calculate w(s).
8
Suppose b - 101 = -108. Let o(v) = v**3 + 8*v**2 + 9*v + 3. Give o(b).
-11
Let j(z) = 3*z**2 - z. Let c be j(-1). Let h(s) = -1 + 3 - s**3 + 4*s**2 + 0*s**2 - c*s. Suppose 2*r - 6 = -3*w - r, 0 = -4*w + 4*r + 8. Determine h(w).
2
Suppose 0 = -4*p - 0*p - 4. Let v be p + 6 + (-2)/1. Let x(i) = -i**2 + 7*i - 4. Let l(a) = 2*a**2 - 15*a + 9. Let s(w) = -2*l(w) - 5*x(w). What is s(v)?
-4
Suppose 408*n + 3 = 407*n. Let r(y) be the third derivative of 0 + 1/3*y**3 + y**2 + 1/60*y**5 + 0*y + 1/6*y**4. Calculate r(n).
-1
Let h be 6/9 - (-24)/(-9). Let v be (h/(-4))/(3/(-30)). Let b(o) = -o**2 - 3*o + 6. Give b(v).
-4
Let s(j) = -21*j**2 - 4*j - 7. Let l(q) = -11*q**2 - 2*q - 4. Let y(t) = 5*l(t) - 3*s(t). Determi